{"id":2470,"date":"2019-02-27T16:28:22","date_gmt":"2019-02-27T16:28:22","guid":{"rendered":"http:\/\/maisondispa.be\/?page_id=2"},"modified":"2023-03-29T09:57:07","modified_gmt":"2023-03-29T07:57:07","slug":"about-us","status":"publish","type":"page","link":"https:\/\/www.maisondispa.be\/?page_id=2470","title":{"rendered":"Notre Histoire"},"content":{"rendered":"<div class=\"fusion-fullwidth fullwidth-box fusion-builder-row-1 fusion-flex-container nonhundred-percent-fullwidth non-hundred-percent-height-scrolling\" style=\"--awb-border-radius-top-left:0px;--awb-border-radius-top-right:0px;--awb-border-radius-bottom-right:0px;--awb-border-radius-bottom-left:0px;\" ><div class=\"fusion-builder-row fusion-row fusion-flex-align-items-flex-start\" style=\"max-width:1248px;margin-left: calc(-4% \/ 2 );margin-right: calc(-4% \/ 2 );\"><div class=\"fusion-layout-column fusion_builder_column fusion-builder-column-0 fusion_builder_column_1_2 1_2 fusion-flex-column\" style=\"--awb-bg-color:var(--awb-color1);--awb-bg-size:cover;--awb-box-shadow:0px 0px 20px 0px hsla(var(--awb-color8-h),var(--awb-color8-s),calc( var(--awb-color8-l) - 9% ),calc( var(--awb-color8-a) - 95% ));;--awb-width-large:50%;--awb-margin-top-large:-6%;--awb-spacing-right-large:5.76%;--awb-spacing-left-large:3.84%;--awb-width-medium:100%;--awb-spacing-right-medium:1.92%;--awb-spacing-left-medium:1.92%;--awb-width-small:100%;--awb-spacing-right-small:1.92%;--awb-spacing-left-small:1.92%;\"><div class=\"fusion-column-wrapper fusion-column-has-shadow fusion-flex-justify-content-flex-start fusion-content-layout-column\"><div class=\"awb-gallery-wrapper awb-gallery-wrapper-1 button-span-no\" style=\"--more-btn-alignment:center;\" data-limit=\"12\" data-page=\"1\"><div style=\"margin:0px;--awb-bordersize:0px;\" class=\"fusion-gallery fusion-gallery-container fusion-grid-2 fusion-columns-total-20 fusion-gallery-layout-grid fusion-gallery-1\"><div style=\"padding:0px;\" class=\"fusion-grid-column fusion-gallery-column fusion-gallery-column-2 hover-type-zoomin\"><div class=\"fusion-gallery-image\"><img decoding=\"async\" src=\"https:\/\/www.maisondispa.be\/wp-content\/uploads\/2023\/03\/IMG_6446-460x295.jpg\" width=\"460\" height=\"295\" alt=\"\" title=\"IMG_6446\" aria-label=\"IMG_6446\" class=\"img-responsive wp-image-2808 fusion-gallery-image-size-fixed\"  \/><\/div><\/div><div style=\"padding:0px;\" class=\"fusion-grid-column fusion-gallery-column fusion-gallery-column-2 hover-type-zoomin\"><div class=\"fusion-gallery-image\"><img decoding=\"async\" src=\"https:\/\/www.maisondispa.be\/wp-content\/uploads\/2019\/03\/Yogurt-Nan.jpg\" width=\"448\" height=\"295\" alt=\"\" title=\"Yogurt Nan\" aria-label=\"Yogurt Nan\" class=\"img-responsive wp-image-817 fusion-gallery-image-size-fixed\"  \/><\/div><\/div><div class=\"clearfix\"><\/div><div style=\"padding:0px;\" class=\"fusion-grid-column fusion-gallery-column fusion-gallery-column-2 hover-type-zoomin\"><div class=\"fusion-gallery-image\"><img decoding=\"async\" src=\"https:\/\/www.maisondispa.be\/wp-content\/uploads\/2023\/03\/ete-2013-36-460x295.jpg\" width=\"460\" height=\"295\" alt=\"\" title=\"e\u0301te\u0301 2013 (36)\" aria-label=\"e\u0301te\u0301 2013 (36)\" class=\"img-responsive wp-image-2852 fusion-gallery-image-size-fixed\"  \/><\/div><\/div><div style=\"padding:0px;\" class=\"fusion-grid-column fusion-gallery-column fusion-gallery-column-2 hover-type-zoomin\"><div class=\"fusion-gallery-image\"><img decoding=\"async\" src=\"https:\/\/www.maisondispa.be\/wp-content\/uploads\/2019\/03\/Mixed-fruits.jpg\" width=\"448\" height=\"295\" alt=\"\" title=\"Mixed fruits\" aria-label=\"Mixed fruits\" class=\"img-responsive wp-image-814 fusion-gallery-image-size-fixed\"  \/><\/div><\/div><div class=\"clearfix\"><\/div><div style=\"padding:0px;\" class=\"fusion-grid-column fusion-gallery-column fusion-gallery-column-2 hover-type-zoomin\"><div class=\"fusion-gallery-image\"><img decoding=\"async\" src=\"https:\/\/www.maisondispa.be\/wp-content\/uploads\/2019\/03\/r-maarten-van-den-heuvel-400626-unsplash-min.jpg\" width=\"448\" height=\"295\" alt=\"\" title=\"r-maarten-van-den-heuvel-400626-unsplash-min\" aria-label=\"r-maarten-van-den-heuvel-400626-unsplash-min\" class=\"img-responsive wp-image-256 fusion-gallery-image-size-fixed\"  \/><\/div><\/div><div style=\"padding:0px;\" class=\"fusion-grid-column fusion-gallery-column fusion-gallery-column-2 hover-type-zoomin\"><div class=\"fusion-gallery-image\"><img decoding=\"async\" src=\"https:\/\/www.maisondispa.be\/wp-content\/uploads\/2023\/03\/IMG_6393-460x295.jpg\" width=\"460\" height=\"295\" alt=\"\" title=\"IMG_6393\" aria-label=\"IMG_6393\" class=\"img-responsive wp-image-2804 fusion-gallery-image-size-fixed\"  \/><\/div><\/div><div class=\"clearfix\"><\/div><div style=\"padding:0px;\" class=\"fusion-grid-column fusion-gallery-column fusion-gallery-column-2 hover-type-zoomin\"><div class=\"fusion-gallery-image\"><img decoding=\"async\" src=\"https:\/\/www.maisondispa.be\/wp-content\/uploads\/2019\/09\/homemade-marshmallows.jpg\" width=\"448\" height=\"295\" alt=\"\" title=\"homemade-marshmallows\" aria-label=\"homemade-marshmallows\" class=\"img-responsive wp-image-2142 fusion-gallery-image-size-fixed\"  \/><\/div><\/div><div style=\"padding:0px;\" class=\"fusion-grid-column fusion-gallery-column fusion-gallery-column-2 hover-type-zoomin\"><div class=\"fusion-gallery-image\"><img decoding=\"async\" src=\"https:\/\/www.maisondispa.be\/wp-content\/uploads\/2023\/03\/IMG_6418-460x295.jpg\" width=\"460\" height=\"295\" alt=\"\" title=\"IMG_6418\" aria-label=\"IMG_6418\" class=\"img-responsive wp-image-2807 fusion-gallery-image-size-fixed\"  \/><\/div><\/div><div class=\"clearfix\"><\/div><div style=\"padding:0px;\" class=\"fusion-grid-column fusion-gallery-column fusion-gallery-column-2 hover-type-zoomin\"><div class=\"fusion-gallery-image\"><img decoding=\"async\" src=\"https:\/\/www.maisondispa.be\/wp-content\/uploads\/2019\/09\/perfect-cosmopolitan.jpg\" width=\"448\" height=\"295\" alt=\"\" title=\"perfect-cosmopolitan\" aria-label=\"perfect-cosmopolitan\" class=\"img-responsive wp-image-2144 fusion-gallery-image-size-fixed\"  \/><\/div><\/div><div style=\"padding:0px;\" class=\"fusion-grid-column fusion-gallery-column fusion-gallery-column-2 hover-type-zoomin\"><div class=\"fusion-gallery-image\"><img decoding=\"async\" src=\"https:\/\/www.maisondispa.be\/wp-content\/uploads\/2023\/03\/IMG_3436-460x295.jpg\" width=\"460\" height=\"295\" alt=\"\" title=\"IMG_3436\" aria-label=\"IMG_3436\" class=\"img-responsive wp-image-2803 fusion-gallery-image-size-fixed\"  \/><\/div><\/div><div class=\"clearfix\"><\/div><div style=\"padding:0px;\" class=\"fusion-grid-column fusion-gallery-column fusion-gallery-column-2 hover-type-zoomin\"><div class=\"fusion-gallery-image\"><img decoding=\"async\" src=\"https:\/\/www.maisondispa.be\/wp-content\/uploads\/2019\/03\/r-michelle-tsang-500721-unsplash-min.jpg\" width=\"448\" height=\"295\" alt=\"\" title=\"r-michelle-tsang-500721-unsplash-min\" aria-label=\"r-michelle-tsang-500721-unsplash-min\" class=\"img-responsive wp-image-255 fusion-gallery-image-size-fixed\"  \/><\/div><\/div><div style=\"padding:0px;\" class=\"fusion-grid-column fusion-gallery-column fusion-gallery-column-2 hover-type-zoomin\"><div class=\"fusion-gallery-image\"><img decoding=\"async\" src=\"https:\/\/www.maisondispa.be\/wp-content\/uploads\/2023\/03\/image00018-460x295.jpeg\" width=\"460\" height=\"295\" alt=\"\" title=\"image00018\" aria-label=\"image00018\" class=\"img-responsive wp-image-2801 fusion-gallery-image-size-fixed\"  \/><\/div><\/div><div class=\"clearfix\"><\/div><div style=\"padding:0px;\" class=\"fusion-grid-column fusion-gallery-column fusion-gallery-column-2 hover-type-zoomin awb-gallery-item-hidden\"><div class=\"fusion-gallery-image\"><img decoding=\"async\" src=\"https:\/\/www.maisondispa.be\/wp-content\/uploads\/2023\/03\/IMG_0804-460x295.jpg\" width=\"460\" height=\"295\" alt=\"\" title=\"IMG_0804\" aria-label=\"IMG_0804\" class=\"img-responsive wp-image-2802 fusion-gallery-image-size-fixed\"  \/><\/div><\/div><div style=\"padding:0px;\" class=\"fusion-grid-column fusion-gallery-column fusion-gallery-column-2 hover-type-zoomin awb-gallery-item-hidden\"><div class=\"fusion-gallery-image\"><img decoding=\"async\" src=\"https:\/\/www.maisondispa.be\/wp-content\/uploads\/2023\/03\/IMG_6398-460x295.jpg\" width=\"460\" height=\"295\" alt=\"\" title=\"IMG_6398\" aria-label=\"IMG_6398\" class=\"img-responsive wp-image-2805 fusion-gallery-image-size-fixed\"  \/><\/div><\/div><div class=\"clearfix\"><\/div><div style=\"padding:0px;\" class=\"fusion-grid-column fusion-gallery-column fusion-gallery-column-2 hover-type-zoomin awb-gallery-item-hidden\"><div class=\"fusion-gallery-image\"><img decoding=\"async\" src=\"https:\/\/www.maisondispa.be\/wp-content\/uploads\/2023\/03\/IMG_E6410-460x295.jpg\" width=\"460\" height=\"295\" alt=\"\" title=\"IMG_E6410\" aria-label=\"IMG_E6410\" class=\"img-responsive wp-image-2809 fusion-gallery-image-size-fixed\"  \/><\/div><\/div><div style=\"padding:0px;\" class=\"fusion-grid-column fusion-gallery-column fusion-gallery-column-2 hover-type-zoomin awb-gallery-item-hidden\"><div class=\"fusion-gallery-image\"><img decoding=\"async\" src=\"https:\/\/www.maisondispa.be\/wp-content\/uploads\/2023\/03\/LP-1-460x295.jpg\" width=\"460\" height=\"295\" alt=\"\" title=\"LP-1\" aria-label=\"LP-1\" class=\"img-responsive wp-image-2810 fusion-gallery-image-size-fixed\"  \/><\/div><\/div><div class=\"clearfix\"><\/div><div style=\"padding:0px;\" class=\"fusion-grid-column fusion-gallery-column fusion-gallery-column-2 hover-type-zoomin awb-gallery-item-hidden\"><div class=\"fusion-gallery-image\"><img decoding=\"async\" src=\"https:\/\/www.maisondispa.be\/wp-content\/uploads\/2023\/03\/LP-3-460x295.jpg\" width=\"460\" height=\"295\" alt=\"\" title=\"LP-3\" aria-label=\"LP-3\" class=\"img-responsive wp-image-2811 fusion-gallery-image-size-fixed\"  \/><\/div><\/div><div style=\"padding:0px;\" class=\"fusion-grid-column fusion-gallery-column fusion-gallery-column-2 hover-type-zoomin awb-gallery-item-hidden\"><div class=\"fusion-gallery-image\"><img decoding=\"async\" src=\"https:\/\/www.maisondispa.be\/wp-content\/uploads\/2023\/03\/LP-5-460x295.jpg\" width=\"460\" height=\"295\" alt=\"\" title=\"LP-5\" aria-label=\"LP-5\" class=\"img-responsive wp-image-2812 fusion-gallery-image-size-fixed\"  \/><\/div><\/div><div class=\"clearfix\"><\/div><div style=\"padding:0px;\" class=\"fusion-grid-column fusion-gallery-column fusion-gallery-column-2 hover-type-zoomin awb-gallery-item-hidden\"><div class=\"fusion-gallery-image\"><img decoding=\"async\" src=\"https:\/\/www.maisondispa.be\/wp-content\/uploads\/2023\/03\/IMG_0689-460x295.jpg\" width=\"460\" height=\"295\" alt=\"\" title=\"IMG_0689\" aria-label=\"IMG_0689\" class=\"img-responsive wp-image-2853 fusion-gallery-image-size-fixed\"  \/><\/div><\/div><div style=\"padding:0px;\" class=\"fusion-grid-column fusion-gallery-column fusion-gallery-column-2 hover-type-zoomin awb-gallery-item-hidden\"><div class=\"fusion-gallery-image\"><img decoding=\"async\" src=\"https:\/\/www.maisondispa.be\/wp-content\/uploads\/2023\/03\/IMG_1112-460x295.jpg\" width=\"460\" height=\"295\" alt=\"\" title=\"IMG_1112\" aria-label=\"IMG_1112\" class=\"img-responsive wp-image-2854 fusion-gallery-image-size-fixed\"  \/><\/div><\/div><div class=\"clearfix\"><\/div><\/div><div class=\"fusion-loading-container fusion-clearfix awb-gallery-posts-loading-container\">\n\t\t\t\t<div class=\"fusion-loading-spinner\">\n\t\t\t\t\t<div class=\"fusion-spinner-1\"><\/div>\n\t\t\t\t\t<div class=\"fusion-spinner-2\"><\/div>\n\t\t\t\t\t<div class=\"fusion-spinner-3\"><\/div>\n\t\t\t\t<\/div><div class=\"fusion-loading-msg\"><em>Loading the next set of gallery items...<\/em><\/div><\/div><div class=\"awb-gallery-buttons\"><a href=\"#\" class=\"fusion-button button-flat button-default fusion-button-default-size awb-gallery-load-more-btn\">Load More<\/a><\/div><\/div><\/div><\/div><div class=\"fusion-layout-column fusion_builder_column fusion-builder-column-1 fusion_builder_column_1_2 1_2 fusion-flex-column\" style=\"--awb-bg-color:rgba(255,255,255,0);--awb-bg-size:cover;--awb-width-large:50%;--awb-spacing-right-large:3.84%;--awb-spacing-left-large:5.76%;--awb-width-medium:100%;--awb-spacing-right-medium:1.92%;--awb-spacing-left-medium:1.92%;--awb-width-small:100%;--awb-spacing-right-small:1.92%;--awb-spacing-left-small:1.92%;\"><div class=\"fusion-column-wrapper fusion-column-has-shadow fusion-flex-justify-content-flex-start fusion-content-layout-column\"><div class=\"fusion-title title fusion-title-1 fusion-title-text fusion-title-size-two\" style=\"--awb-margin-top:60px;--awb-font-size:var(--awb-typography2-font-size);\"><div class=\"title-sep-container title-sep-container-left fusion-no-large-visibility fusion-no-medium-visibility fusion-no-small-visibility\"><div class=\"title-sep sep-single sep-dotted\" style=\"border-color:var(--awb-color4);\"><\/div><\/div><span class=\"awb-title-spacer fusion-no-large-visibility fusion-no-medium-visibility fusion-no-small-visibility\"><\/span><h2 class=\"title-heading-left fusion-responsive-typography-calculated\" style=\"font-family:var(--awb-typography2-font-family);font-weight:var(--awb-typography2-font-weight);font-style:var(--awb-typography2-font-style);margin:0;font-size:1em;letter-spacing:var(--awb-typography2-letter-spacing);text-transform:var(--awb-typography2-text-transform);--fontSize:17;--minFontSize:17;line-height:var(--awb-typography2-line-height);\"><span style=\"color: #b52b44;\">NOTRE HISTOIRE<\/span><\/h2><span class=\"awb-title-spacer\"><\/span><div class=\"title-sep-container title-sep-container-right\"><div class=\"title-sep sep-single sep-dotted\" style=\"border-color:var(--awb-color4);\"><\/div><\/div><\/div><div class=\"fusion-text fusion-text-1\"><div id=\"lipsum\">\n<p><strong>Un \u00e9tablissement familial.<\/strong><\/p>\n<p>C\u2019est <strong>en 1971<\/strong> que Gerard Dispa et Claudine Fostier son \u00e9pouse, ouvrent l\u2019Hostellerie de l\u2019Abbaye, en souvenir \u00e0 l\u2019abbaye du jardinet qui a exist\u00e9 entre le 13e et le 17e si\u00e8cle . Le b\u00e2timent est une Maison de ma\u00eetre ayant appartenu \u00e0 la famille du notaire Cambier.<\/p>\n<p>Avec Julien et Antoine leurs fils et d\u2019autres collaborateurs dont Janique, St\u00e9phane et Kathy, ils d\u00e9velopperont un restaurant gastronomique qui devient vite un vrai rep\u00e8re des gourmets de la r\u00e9gion et bien au-del\u00e0. Ils seront r\u00e9compens\u00e9s par un bib gourmand au c\u00e9l\u00e8bre guide Michelin.<\/p>\n<p><strong>En 2009<\/strong>, ils c\u00e8dent l\u2019\u00e9tablissement \u00e0 deux de leurs enfants Julien et Thibaud. Accompagn\u00e9s de leurs \u00e9pouses M\u00e9lissa et Pascaline ainsi que de M\u00e9lanie et Sylvain, ils continuent de d\u00e9velopper et d\u2019associer la cuisine et les chambres d\u2019h\u00f4tel afin d\u2019attirer une client\u00e8le de s\u00e9jour. La cuisine est remarquable et est m\u00eame r\u00e9compens\u00e9e par un 15,5\/20 au <strong>Guide Gault &amp; Millau<\/strong>. L\u2019\u00e8re du d\u00e9veloppement touristique et des weekends gastronomiques a d\u00e9but\u00e9 avec l\u2019av\u00e8nement des Lacs de l\u2019Eau d\u2019Heure.<\/p>\n<p><strong>En 2019<\/strong>, de nouveaux associ\u00e9s sont arriv\u00e9s : Fran\u00e7ois Rousseaux et Jean-Luc Stavaux, entrepreneurs dans l\u2019\u00e2me et amis de la famille par le scoutisme. L\u2019enseigne change alors de nom et devient \u00ab Maison Dispa \u00bb.<br \/>\nAvec ce nouveau souffle et l\u2019aide d\u2019Axelle Delhaye, en plein covid, une brasserie s\u2019est ouverte et l\u2019\u00e9tablissement se tourne vers les s\u00e9minaires, les locations de groupes et les r\u00e9alisations d\u2019\u00e9v\u00e9nements.<br \/>\nEn cuisine c\u2019est Olivier De Laere qui apporte toute son exp\u00e9rience acquise dans les meilleurs restaurant du royaume et bien au-del\u00e0.<\/p>\n<p><strong>En 2021<\/strong>, Le Covid s\u2019invite \u00e0 la f\u00eate des 50 ans d\u2019existence : menu sp\u00e9cial en terrasse et dans le chapiteau du jardin, repas dans les chambres, menus \u00e0 emporter, c\u2019est l\u2019\u00e8re du take away<br \/>\nEn 2023, pour faire face \u00e0 la nouvelle demande et s\u2019adapter aux co\u00fbts, le restaurant a diminu\u00e9 ses heures d\u2019ouvertures et est surtout ouvert \u00e0 la demande pour groupes, soir\u00e9es \u00e0 th\u00e8me et resto \u00e9ph\u00e9m\u00e8re.<br \/>\nL\u2019ensemble de l\u2019\u00e9tablissement est r\u00e9guli\u00e8rement lou\u00e9 pour du tourisme de court s\u00e9jour et du team building.<br \/>\nBeaucoup d\u2019autres personnes ont particip\u00e9 et participent toujours \u00e0 l\u2019histoire de la Maison Dispa, qu\u2019elles soient ici remerci\u00e9es pour leurs pr\u00e9cieuses collaborations dans l\u2019\u00e9volution de cette aventure.<br \/>\n<em>Thibaud Dispa<\/em><\/p>\n<\/div>\n<\/div><\/div><\/div><\/div><\/div>\n","protected":false},"excerpt":{"rendered":"","protected":false},"author":2,"featured_media":0,"parent":0,"menu_order":0,"comment_status":"closed","ping_status":"open","template":"100-width.php","meta":[],"_links":{"self":[{"href":"https:\/\/www.maisondispa.be\/index.php?rest_route=\/wp\/v2\/pages\/2470"}],"collection":[{"href":"https:\/\/www.maisondispa.be\/index.php?rest_route=\/wp\/v2\/pages"}],"about":[{"href":"https:\/\/www.maisondispa.be\/index.php?rest_route=\/wp\/v2\/types\/page"}],"author":[{"embeddable":true,"href":"https:\/\/www.maisondispa.be\/index.php?rest_route=\/wp\/v2\/users\/2"}],"replies":[{"embeddable":true,"href":"https:\/\/www.maisondispa.be\/index.php?rest_route=%2Fwp%2Fv2%2Fcomments&post=2470"}],"version-history":[{"count":13,"href":"https:\/\/www.maisondispa.be\/index.php?rest_route=\/wp\/v2\/pages\/2470\/revisions"}],"predecessor-version":[{"id":2855,"href":"https:\/\/www.maisondispa.be\/index.php?rest_route=\/wp\/v2\/pages\/2470\/revisions\/2855"}],"wp:attachment":[{"href":"https:\/\/www.maisondispa.be\/index.php?rest_route=%2Fwp%2Fv2%2Fmedia&parent=2470"}],"curies":[{"name":"wp","href":"https:\/\/api.w.org\/{rel}","templated":true}]}}